-q*d = -5*g - 62, 0*d + 4*d = g + 106. Let p = 40 - d. Calculate the remainder when 55 is divided by p.
13
Suppose 0*y = 2*y - 10, -4*c + 32 = 4*y. Calculate the remainder when 102/(-4)*(-8)/12 is divided by c.
2
Calculate the remainder when 10/35 - (-2838)/14 is divided by 12.
11
Suppose -4*a + 1120 - 216 = 0. What is the remainder when a is divided by 59?
49
Suppose 7*g - 3*g = 8. Suppose 2*d = -g*d - h + 28, d = -h + 10. Calculate the remainder when 17 is divided by d.
5
Let x = 212 + -65. Let p(h) = -2*h - 3 + 4*h**2 + 4*h**2 - 2*h. Calculate the remainder when x is divided by p(-2).
36
What is the remainder when (8262/68)/((-1)/(-2)) is divided by 28?
19
Let p = 251 + -245. Suppose -2*j = -o - 4*o - 190, -4*j + 5*o + 360 = 0. Suppose 0*c + j = 5*c. Calculate the remainder when c is divided by p.
5
Let z(s) = -2*s + 2. Let y be z(5). Let o(j) = j**2 + 3*j - 10. Let m(f) = f**3 - 7*f**2 + f + 4. What is the remainder when o(y) is divided by m(7)?
8
Let g = 28 + 0. Let c(n) = -n**3 + 5*n**2 + 4. Let w be c(5). Suppose -w*f + 45 = -f. What is the remainder when g is divided by f?
13
What is the remainder when 845 is divided by (-477)/(-6)*((-20)/30 - -2)?
103
Suppose -4*h - c + 4158 = 0, -4*c - 4148 = -28*h + 24*h. What is the remainder when h is divided by 116?
111
Let a(o) be the second derivative of 0 + 10*o**2 + 1/6*o**3 - 7*o. Calculate the remainder when a(15) is divided by 12.
11
Let z(m) = m**2 - 4*m + 51. Calculate the remainder when z(0) is divided by 13.
12
Let p(y) = 28*y**3 + 2*y**2 + y. Let c be p(-1). Let m = c + 60. Calculate the remainder when m is divided by 20.
13
Let w be (-2)/6 - (-20)/6. Suppose -w*s - 2*s = 25. Calculate the remainder when 3/s + 86/10 is divided by 2.
0
Calculate the remainder when ((-24)/(-2))/(6/3) is divided by 4.
2
Let c(u) = 3*u - 7. Suppose -12 = -7*r + 3*r. Let v be c(r). Calculate the remainder when 54 is divided by v/9 - 250/(-9).
26
Let s(d) = -213*d - 8. What is the remainder when s(-1) is divided by 53?
46
Let x = -1 - -5. Let i = -78 - -121. Let c = -30 + i. What is the remainder when c is divided by x?
1
Let l = -12 + 37. What is the remainder when 223 is divided by l?
23
Let m = -80 - -56. Let g be m/(-30) - (-3732)/10. What is the remainder when g/33*(-2 + 5) is divided by 19?
15
Suppose -z + 10 = -72. Let v = -64 - -86. Suppose -1 + v = u. What is the remainder when z is divided by u?
19
Suppose 0 = -4*v + 74 + 30. Suppose -6*q + 21 = 3. What is the remainder when v is divided by q?
2
Let n be (-16)/(-6) + 4/(-6). Let w = n - 2. Suppose -4*q - 4*s = -72 - 44, -3*q - 2*s + 85 = w. What is the remainder when q is divided by 15?
12
Let b(m) = -3*m**2 + 132*m + 85. What is the remainder when b(32) is divided by 40?
37
Let f = 26 + -19. Let t(r) = -2*r**2 + 3*r**2 + 9*r + 5 + 0 - 2. What is the remainder when f is divided by t(-9)?
1
Suppose -4*y + 5*m = -22 - 9, 5*y = -5*m + 50. What is the remainder when (51/(-12))/(1/(-4)) is divided by y?
8
Let c(a) = -3*a**3 - 37*a**2 - 15*a + 38. Let q(p) = p**3 - 5*p**2 - 5*p + 1. What is the remainder when c(-12) is divided by q(6)?
4
Suppose 0*s = 5*s + 15. Let p = 9 + 0. Calculate the remainder when (52/(-3))/(2/s) is divided by p.
8
Let a(s) = -s**3 - 18*s**2 - 19*s - 23. Let q be 1/3 - (-208)/(-12). Calculate the remainder when a(q) is divided by 3.
2
Let t(v) = -v**2 + v - 1. Let i(y) = y**3 - 5*y**2 + 3*y + 8. Let k(m) = i(m) + t(m). What is the remainder when 10 is divided by k(5)?
0
Let n = -1135 - -1182. Calculate the remainder when 374 is divided by n.
45
Suppose -4*w - 7 = 9. Let i be (-169)/w - (-13)/(-52). Suppose 7*s + 30 = 5*j + 2*s, -5*j = s - i. Calculate the remainder when 13 is divided by j.
5
Let x(o) = -o**2 + 6*o + 2. Let r be x(7). Let m = 45 + r. Let q = 31 - 17. What is the remainder when m is divided by q?
12
Suppose -3*l = -41 - 10. Let n(x) = 0*x - 2*x - 2*x**3 + 3*x**3 + 3*x**2 + 1. Calculate the remainder when l is divided by n(-2).
8
Suppose 3*o + 2*o = -265. Let v = -48 - o. What is the remainder when 22 is divided by v?
2
Let c be -3 - 20/8*-2. Suppose u = c*u - 20. Calculate the remainder when u is divided by 7.
6
Let d be 34/18 + 5/45. Suppose -5*b - d*j = -20, 4*j - 16 = -4*b + 12. Suppose v - 19 = -b. What is the remainder when v is divided by 11?
6
Suppose b - 96 = 3*b. What is the remainder when (-12)/10*(b + 13) is divided by 16?
10
Suppose -31*o = -107 - 916. What is the remainder when 91 is divided by o?
25
What is the remainder when (-1*58)/(-11 + 10) is divided by 21?
16
Suppose -d + 3*g + 12 + 6 = 0, 5*d - 66 = 3*g. Let t = -28 + 38. Let k(i) = i**3 - 10*i**2 + 3*i + 5. What is the remainder when k(t) is divided by d?
11
Calculate the remainder when 54 is divided by (-8)/(-2) - (6 + -14 - -4).
6
Let m = -19 + 23. Suppose -5*j + 125 = -4*f, 37 + 70 = 3*j + m*f. Calculate the remainder when j is divided by 8.
5
Suppose 3*w + 5*o - 2*o - 180 = 0, 4*o - 299 = -5*w. Let r(g) = 6*g - 3. What is the remainder when w is divided by r(3)?
14
Let m = -1395 - -3303. What is the remainder when m is divided by 91?
88
Let a = -302 - -435. Suppose -z + 51 - 36 = 0. Calculate the remainder when a is divided by z.
13
Let l be (-2 - -3)/(-1) + 74. Suppose 0 = 4*q - l - 27. Suppose 2*w = 157 - 139. Calculate the remainder when q is divided by w.
7
Let c(j) = -j + 18. Let u = -5 - -5. Suppose 2*v - 35 = 33. Calculate the remainder when v is divided by c(u).
16
Let f(t) = t - 21. Let r be f(13). Let b(o) = o**3 - 6*o**2 + 6*o + 6. Let v be b(5). Let i = r + v. What is the remainder when i is divided by 1?
0
Suppose -3*c = c - 3*k - 632, 2*c = 5*k + 302. Suppose 0 = 4*r + 2*h - 90, -5*r - 4*h + c = 47. Calculate the remainder when (2 - 20)*7/(-3) is divided by r.
20
Suppose 2*w - 6*w + 5*t = -76, 4*t = 0. Suppose 2*b - 5*k - 121 = -0*b, 2*b + 3*k = 97. Calculate the remainder when b is divided by w.
15
Let k be (-5)/((3 + -2)*-1). Suppose k*u - 4*s = 325, 4*s - 235 = -4*u + 61. What is the remainder when u is divided by 12?
9
Suppose -6*f = -2*f + 4*q - 3668, 4*q + 3708 = 4*f. Calculate the remainder when f is divided by 77.
75
Suppose -2*a + 4*k = -240, 0 = -5*a - 11*k + 7*k + 628. What is the remainder when a is divided by 14?
12
Suppose -5*t + 10 = 11*j - 6*j, t + 2*j = 2. What is the remainder when (-661)/(-13) - 3/((-39)/t) is divided by 13?
12
Let l(b) = 3*b**2 + 9*b - 6. Let o(r) = -r. Let a(y) = l(y) - o(y). Calculate the remainder when a(-6) is divided by 9.
6
Suppose -3*g - 2*t + 50 = 0, 34 = -g + 3*g + 2*t. What is the remainder when 59 is divided by g?
11
Let c be -1 + 1 + 6*(-200)/(-16). Suppose 5*b = -5*f + c, b + 2 - 8 = -4*f. What is the remainder when 37 is divided by b?
1
Let g = -1124 + 1140. What is the remainder when (-2 - -1)*(-77 + 0) is divided by g?
13
Suppose -3*l + 4 + 17 = 0. Suppose q = 2*g - 2*q - l, 5*q = g. Suppose 3*d - 2*u + 3*u = 35, 5*d + g*u = 65. Calculate the remainder when 30 is divided by d.
8
Suppose 2*r + 0*r - 32 = 3*a, 3*r + 5*a - 29 = 0. Let b = -437 + 452. Suppose 0 = r*s - b*s + 66. Calculate the remainder when s is divided by 17.
16
Let o(l) = 15*l**2 + 12*l - 17. What is the remainder when o(3) is divided by 21?
7
Let q be (15/(-6))/((-2)/4). Suppose -q*p + 148 = -12. Suppose 0 = 5*d, 4*c + 4*d - 3*d - 244 = 0. What is the remainder when c is divided by p?
29
Calculate the remainder when 342 is divided by (-273)/(-18) + (-5)/30.
12
Suppose -934 = -3*g - 139. Calculate the remainder when g is divided by 39.
31
Suppose -1445 = -11*h - 6*h. What is the remainder when h is divided by 30?
25
Suppose -12*l + 3784 = 232. Calculate the remainder when l is divided by 69.
20
Calculate the remainder when (-450)/(-14) + -4*3/84 is divided by (-26)/(-117) - (-160)/9.
14
Let h be (-24)/2*6/(-4). Let k = h - 8. Let w(y) = 17*y**2 + 2*y - 1. Calculate the remainder when w(1) is divided by k.
8
Let n = 298 - -10. What is the remainder when n is divided by 3?
2
Let t = 32 + 6. Suppose -4*g + 40 = -5*i + 117, -27 = -3*i - 4*g. What is the remainder when t is divided by i?
12
Suppose -2*u + f + 106 = 5*f, 3*f = 2*u - 85. Calculate the remainder when u is divided by (6/4)/((-84)/(-560)).
7
Let v = 49 + 1. Let m be 1/(-6)*-38 - 2/(-3). Let w = v + m. What is the remainder when w is divided by 15?